nder when 408 is divided by 83.
76
Calculate the remainder when 98 is divided by 5.
3
Calculate the remainder when 115 is divided by 28.
3
What is the remainder when 789 is divided by 66?
63
What is the remainder when 4879 is divided by 80?
79
Calculate the remainder when 497 is divided by 25.
22
Calculate the remainder when 1152 is divided by 382.
6
Calculate the remainder when 42 is divided by 17.
8
Calculate the remainder when 1677 is divided by 60.
57
Calculate the remainder when 606 is divided by 32.
30
What is the remainder when 746 is divided by 22?
20
Calculate the remainder when 3458 is divided by 6.
2
What is the remainder when 115 is divided by 17?
13
What is the remainder when 346 is divided by 103?
37
Calculate the remainder when 249 is divided by 21.
18
Calculate the remainder when 366 is divided by 41.
38
What is the remainder when 446 is divided by 286?
160
Calculate the remainder when 802 is divided by 31.
27
What is the remainder when 1457 is divided by 2?
1
What is the remainder when 886 is divided by 111?
109
What is the remainder when 2564 is divided by 263?
197
Calculate the remainder when 327 is divided by 310.
17
What is the remainder when 587 is divided by 145?
7
Calculate the remainder when 368 is divided by 128.
112
What is the remainder when 54 is divided by 35?
19
Calculate the remainder when 835 is divided by 65.
55
What is the remainder when 664 is divided by 132?
4
Calculate the remainder when 18068 is divided by 65.
63
What is the remainder when 286 is divided by 48?
46
What is the remainder when 1110 is divided by 86?
78
Calculate the remainder when 6 is divided by 3.
0
What is the remainder when 106 is divided by 38?
30
What is the remainder when 1148 is divided by 16?
12
Calculate the remainder when 942 is divided by 15.
12
What is the remainder when 427 is divided by 43?
40
Calculate the remainder when 4765 is divided by 149.
146
What is the remainder when 2239 is divided by 225?
214
Calculate the remainder when 5929 is divided by 331.
302
What is the remainder when 2107 is divided by 32?
27
Calculate the remainder when 58 is divided by 22.
14
Calculate the remainder when 1031 is divided by 45.
41
What is the remainder when 150 is divided by 58?
34
What is the remainder when 20303 is divided by 36?
35
What is the remainder when 18086 is divided by 270?
266
What is the remainder when 578 is divided by 167?
77
What is the remainder when 141 is divided by 78?
63
What is the remainder when 108 is divided by 43?
22
What is the remainder when 365 is divided by 7?
1
What is the remainder when 15446 is divided by 50?
46
What is the remainder when 19 is divided by 4?
3
Calculate the remainder when 1209 is divided by 12.
9
Calculate the remainder when 45123 is divided by 18.
15
What is the remainder when 1870 is divided by 104?
102
Calculate the remainder when 488 is divided by 62.
54
What is the remainder when 208 is divided by 62?
22
What is the remainder when 7694 is divided by 74?
72
Calculate the remainder when 34 is divided by 22.
12
What is the remainder when 119 is divided by 8?
7
What is the remainder when 27 is divided by 4?
3
Calculate the remainder when 51 is divided by 6.
3
What is the remainder when 186 is divided by 48?
42
Calculate the remainder when 142 is divided by 6.
4
What is the remainder when 1150 is divided by 33?
28
Calculate the remainder when 2700 is divided by 149.
18
Calculate the remainder when 1576 is divided by 259.
22
Calculate the remainder when 105 is divided by 36.
33
Calculate the remainder when 420 is divided by 94.
44
What is the remainder when 449 is divided by 112?
1
What is the remainder when 57 is divided by 34?
23
Calculate the remainder when 1396 is divided by 67.
56
What is the remainder when 476 is divided by 27?
17
Calculate the remainder when 3236 is divided by 12.
8
What is the remainder when 15705 is divided by 154?
151
What is the remainder when 455 is divided by 103?
43
Calculate the remainder when 83 is divided by 15.
8
Calculate the remainder when 1017 is divided by 15.
12
Calculate the remainder when 666 is divided by 323.
20
What is the remainder when 276 is divided by 93?
90
Calculate the remainder when 243 is divided by 21.
12
Calculate the remainder when 253 is divided by 26.
19
Calculate the remainder when 453 is divided by 381.
72
What is the remainder when 224 is divided by 23?
17
Calculate the remainder when 140 is divided by 29.
24
What is the remainder when 369 is divided by 70?
19
What is the remainder when 57 is divided by 9?
3
Calculate the remainder when 666 is divided by 216.
18
Calculate the remainder when 149 is divided by 5.
4
Calculate the remainder when 606 is divided by 551.
55
Calculate the remainder when 101 is divided by 97.
4
What is the remainder when 5480 is divided by 98?
90
What is the remainder when 8241 is divided by 14?
9
What is the remainder when 481 is divided by 44?
41
Calculate the remainder when 3585 is divided by 23.
20
Calculate the remainder when 83 is divided by 44.
39
What is the remainder when 144 is divided by 74?
70
What is the remainder when 184 is divided by 45?
4
Calculate the remainder when 256 is divided by 94.
68
Calculate the remainder when 120 is divided by 65.
55
Calculate the remainder when 17886 is divided by 267.
264
What is the remainder when 298 is divided by 50?
48
Calculate the remainder when 130 is divided by 22.
20
Calculate the remainder when 32 is divided by 3.
2
What is the remainder when 34 is divided by 32?
2
What is the remainder when 1245 is divided by 43?
41
Calculate the remainder when 521 is divided by 18.
17
Calculate the remainder when 380 is divided by 43.
36
What is the remainder when 35 is divided by 29?
6
What is the remainder when 442 is divided by 226?
216
What is the remainder when 313 is divided by 20?
13
Calculate the remainder when 1762 is divided by 45.
7
Calculate the remainder when 18 is divided by 5.
3
What is the remainder when 242 is divided by 25?
17
Calculate the remainder when 235 is divided by 27.
19
Calculate the remainder when 325 is divided by 97.
34
What is the remainder when 5105 is divided by 116?
1
Calculate the remainder when 502 is divided by 495.
7
What is the remainder when 1641 is divided by 31?
29
Calculate the remainder when 63 is divided by 32.
31
Calculate the remainder when 7899 is divided by 158.
157
What is the remainder when 1335 is divided by 17?
9
What is the remainder when 391 is divided by 36?
31
What is the remainder when 745 is divided by 22?
19
Calculate the remainder when 105 is divided by 28.
21
What is the remainder when 593 is divided by 27?
26
What is the remainder when 620 is divided by 6?
2
Calculate the remainder when 283 is divided by 11.
8
Calculate the remainder when 794 is divided by 159.
158
What is the remainder when 405 is divided by 103?
96
What is the remainder when 1902 is divided by 127?
124
What is the remainder when 54 is divided by 28?
26
What is the remainder when 2463 is divided by 32?
31
What is the remainder when 1011 is divided by 497?
17
What is the remainder when 927 is divided by 58?
57
What is the remainder when 716 is divided by 357?
2
Calculate the remainder when 795 is divided by 38.
35
Calculate the remainder when 272 is divided by 66.
8
Calculate the remainder when 489 is divided by 98.
97
What is the remainder when 257 is divided by 53?
45
Calculate the remainder when 35447 is divided by 50.
47
Calculate the remainder when 96 is divided by 43.
10
What is the remainder when 283 is divided by 36?
31
Calculate the remainder when 221 is divided by 130.
91
What is the remainder when 523 is divided by 505?
18
What is the remainder when 1010 is divided by 145?
140
What is the remainder when 303 is divided by 38?
37
Calculate the remainder when 646 is divided by 145.
66
What is the remainder when 27 is divided by 17?
10
What is the remainder when 323 is divided by 255?
68
Calculate the remainder when 51891 is divided by 186.
183
What is the remainder when 101 is divided by 13?
10
What is the remainder when 766 is divided by 32?
30
Calculate the remainder when 168 is divided by 43.
39
Calculate the remainder when 399 is divided by 4.
3
What is the remainder when 329 is divided by 112?
105
What is the remainde